and 76?
38
Calculate the greatest common factor of 4616463 and 95457.
2031
What is the greatest common factor of 4668370 and 102850?
170
Calculate the highest common divisor of 7874 and 43605196.
254
Calculate the highest common factor of 135 and 163050.
15
Calculate the highest common factor of 16303 and 531560.
137
Calculate the highest common divisor of 119180592 and 432.
432
Calculate the greatest common factor of 8 and 14988656.
8
What is the greatest common factor of 1726131 and 10203?
57
Calculate the highest common divisor of 2025646 and 32718.
574
What is the highest common factor of 115413450 and 150?
150
Calculate the highest common factor of 1161682792 and 179.
179
What is the greatest common divisor of 8355 and 686132652?
1671
Calculate the greatest common factor of 242666930 and 5892.
982
Calculate the highest common factor of 336881 and 934789.
2231
Calculate the highest common divisor of 444442 and 109854.
718
Calculate the highest common divisor of 5576 and 5736638.
82
Calculate the highest common divisor of 657058691 and 74.
37
Calculate the highest common divisor of 25896 and 9267448.
664
Calculate the highest common divisor of 326578 and 10780.
14
What is the greatest common factor of 21146 and 75466?
194
Calculate the highest common divisor of 10548612 and 30.
6
What is the greatest common divisor of 11 and 14090538?
11
Calculate the greatest common factor of 60982592 and 4.
4
Calculate the highest common factor of 2526 and 33266578.
842
What is the highest common factor of 21489 and 5859087?
741
What is the highest common divisor of 336306 and 41234040?
14622
Calculate the highest common divisor of 78824082 and 1611.
537
Calculate the greatest common divisor of 14020987 and 138499.
8147
Calculate the highest common factor of 5802793 and 2.
1
What is the greatest common divisor of 14487655 and 4165?
595
What is the highest common divisor of 4030568 and 176?
8
What is the highest common divisor of 21090 and 34417474?
1406
What is the greatest common factor of 216 and 4457052?
108
Calculate the highest common factor of 1295 and 1302035.
35
Calculate the greatest common divisor of 11492 and 11801608.
676
What is the highest common factor of 12 and 3200928?
12
What is the highest common divisor of 5566 and 487554?
46
What is the highest common factor of 5246895 and 675?
15
What is the highest common divisor of 9427 and 6259?
11
What is the greatest common factor of 79898 and 261871402?
11414
Calculate the greatest common divisor of 9617 and 3058532.
163
What is the greatest common divisor of 20311599 and 100947?
5313
What is the greatest common factor of 196903 and 12428126?
1223
Calculate the greatest common divisor of 12062313 and 213051.
4533
Calculate the greatest common divisor of 23829 and 650988.
507
Calculate the highest common divisor of 1833 and 7173.
3
What is the greatest common factor of 80 and 22128100?
20
Calculate the highest common divisor of 22437 and 8607951.
81
Calculate the highest common factor of 45153 and 1177092.
1557
Calculate the highest common factor of 5575 and 929675.
25
Calculate the highest common factor of 1311606 and 27285.
321
What is the greatest common factor of 22080 and 42540?
60
Calculate the greatest common factor of 36 and 18764352.
36
What is the greatest common divisor of 266951 and 7667?
697
Calculate the highest common divisor of 2048 and 1124608.
256
Calculate the greatest common factor of 11176 and 102.
2
Calculate the highest common divisor of 4347 and 17019103.
23
Calculate the highest common factor of 731604376 and 8.
8
What is the greatest common divisor of 10556315 and 77?
77
What is the greatest common divisor of 779458 and 122?
122
What is the greatest common factor of 587906 and 187?
11
What is the highest common divisor of 17892 and 12212?
284
Calculate the greatest common divisor of 301365654 and 2076.
1038
What is the greatest common factor of 3133220 and 15580?
820
What is the greatest common factor of 541420320 and 1344?
672
Calculate the highest common factor of 141408 and 17000.
8
Calculate the highest common divisor of 58874868 and 1404.
468
Calculate the greatest common factor of 30015711 and 891.
297
Calculate the highest common divisor of 42625535 and 25.
5
Calculate the highest common factor of 263021 and 229416.
11
Calculate the greatest common factor of 4806 and 1615083.
267
What is the highest common divisor of 3224 and 17021108?
1612
Calculate the highest common divisor of 4895047 and 5650.
113
Calculate the greatest common factor of 9776 and 137616.
752
What is the greatest common factor of 693 and 1708056?
63
Calculate the greatest common divisor of 97655 and 7.
1
Calculate the greatest common divisor of 120 and 196985220.
60
Calculate the highest common factor of 19364 and 468739507.
4841
What is the greatest common divisor of 240 and 74441400?
120
What is the highest common divisor of 411260 and 280?
20
Calculate the greatest common factor of 88 and 1412460676.
44
Calculate the greatest common factor of 1416 and 1656.
24
Calculate the greatest common factor of 5876 and 27329276.
5876
What is the greatest common factor of 6061 and 3007909?
551
What is the highest common factor of 5703833 and 2865?
191
Calculate the highest common factor of 295740 and 47244.
372
Calculate the greatest common divisor of 539565 and 885.
15
Calculate the greatest common factor of 72463 and 2097.
233
What is the greatest common divisor of 9401 and 17942939?
119
Calculate the greatest common divisor of 381348 and 518094.
1926
What is the highest common divisor of 34467119 and 51887?
4717
What is the highest common divisor of 9785132 and 349132?
9436
Calculate the greatest common factor of 20371072 and 13045.
2609
What is the greatest common factor of 234 and 111906?
18
What is the highest common factor of 989 and 3846060?
23
What is the highest common factor of 706967 and 19557?
53
What is the greatest common factor of 1195210 and 10810?
470
Calculate the greatest common factor of 250 and 2444750.
250
What is the highest common factor of 36860 and 7472492?
388
Calculate the highest common factor of 604113090 and 970.
970
Calculate the highest common divisor of 20099118 and 1560.
78
What is the greatest common divisor of 1596 and 48124587?
399
Calculate the greatest common factor of 21123880 and 160.
40
Calculate the highest common divisor of 112334220 and 3737.
3737
Calculate the highest common divisor of 1458 and 3539322.
54
Calculate the highest common divisor of 93678746 and 1554.
518
Calculate the greatest common factor of 12023008 and 221378.
3118
Calculate the highest common factor of 24 and 2127676.
4
Calculate the highest common divisor of 71656221 and 279.
93
Calculate the greatest common factor of 9183132 and 945.
189
What is the highest common factor of 2919456 and 5356260?
11772
What is the highest common divisor of 4743804 and 647?
647
Calculate the greatest common factor of 4737 and 151996119.
4737
What is the greatest common factor of 31 and 316789651?
31
What is the greatest common factor of 3269 and 122941?
7
Calculate the greatest common factor of 25 and 8051625.
25
Calculate the highest common divisor of 22996299 and 3.
3
What is the highest common factor of 84018233 and 51?
17
What is the greatest common factor of 57574726 and 4345?
869
What is the highest common divisor of 187920 and 49222080?
6480
What is the highest common factor of 293316104 and 88?
8
What is the greatest common divisor of 123848778 and 24?
6
What is the greatest common divisor of 125815113 and 1?
1
Calculate the greatest common factor of 28 and 60607022.
14
What is the highest common factor of 2314333 and 399?
133
What is the highest common divisor of 455 and 887932955?
455
Calculate the greatest common divisor of 40 and 20147376.
8
What is the greatest common divisor of 22 and 12261452?
2
Calculate the greatest common divisor of 19899 and 463509.
27
What is the highest common divisor of 2274 and 244848402?
2274
Calculate the highest common factor of 101990445 and 30.
15
What is the greatest common divisor of 2124 and 1353276?
36
Calculate the highest common divisor of 43459965 and 65.
5
What is the greatest common divisor of 130 and 611920?
10
What is the greatest common factor 